What is i(-2)?
5
Let q(f) = -3*f**3 + 2*f**3 + 0 + 3. Suppose 4*p + 4 = 3*r, -4*r - 4*p + 4 = -8*p. What is q(r)?
3
Let c(w) = w**3 - 5*w**2 + 2*w + 1. Suppose -10 = 5*o - 0*o. Let h(z) = -z**2 + 3*z + 2. Let p be h(2). Let s be (-1)/o + 14/p. Give c(s).
-7
Let k(r) = -r**3 - r**2 + r - 1. Let f(u) = -5*u**3 + u**2 + 10*u + 2. Let m(s) = f(s) - 4*k(s). Determine m(6).
6
Let a(n) be the second derivative of n**6/120 - n**5/10 - 7*n**4/24 - n**3 + n**2 - 9*n. Let g(t) be the first derivative of a(t). Give g(7).
-6
Let a(p) = -10*p**2 - 12 + 1 - 10*p + 5 - p**3. Give a(-9).
3
Let o(q) = -11*q**3 + 6*q**2 + 21*q - 3. Let u(h) = 5*h**3 - 3*h**2 - 10*h + 2. Let z = -20 + 29. Let p(r) = z*u(r) + 4*o(r). Calculate p(4).
-2
Let c(y) = y - 12. Suppose 72 = 5*a + 5*k - 3, 5 = a - k. Suppose 3*t - 28 = 4*f, f - a + 3 = -t. Calculate c(t).
-4
Let s(l) = l**2 + l - 4. Let j be 21/((-12)/(2 - 6)). Suppose j*u - 26 = -5. Give s(u).
8
Let u(m) be the second derivative of m**3/3 - 2*m. Determine u(-3).
-6
Let a(t) = t + 2. Let f be (-480)/78 + 2/13. Give a(f).
-4
Let a(m) = -m + 1. Let j(w) = 3*w - 7. Let q(u) = -4*a(u) - j(u). Calculate q(4).
7
Suppose 2*j - 11 = -1. Let m(q) = 3*q - 4*q + j*q + q. Calculate m(1).
5
Let v be 2/(-8) - (30/8 - 2). Let x(m) = -m**2 - 4*m - 3. Calculate x(v).
1
Let v(o) = -3*o**2 + 0*o**2 - 8*o**2 + 3. Let q(m) = -12*m**2 + 4. Let a(b) = -2*q(b) + 3*v(b). Give a(-1).
-8
Suppose 5*s = 4*s + 4. Let f(z) = -z**2 + 2*z - 5. Calculate f(s).
-13
Let l be (-3)/6 + (-3)/(-2). Let n = 3 - l. Let u(z) = -3*z + 5*z - 2 + n*z**2 + 0*z**3 - z**3. Give u(2).
2
Let d = -10 + 15. Let b(m) = m**3 + m**2 - d*m + 2*m - 2 + 0*m**2. Let z be (-21)/9 + (-12)/(-36). Calculate b(z).
0
Let r(l) = -l**3 - 4*l**2 + 4*l + 4. Let s(h) = -h**2 + 7*h + 5. Let d be s(6). Let k = -6 + d. Suppose q - 3*q = -5*u + 30, 2*u = -k*q - 17. What is r(q)?
9
Suppose 11*w - 10*w + 5 = 0. Let f(r) = r + 3. What is f(w)?
-2
Let n(q) be the third derivative of q**5/60 - q**4/4 + q**3 + 6*q**2. Give n(4).
-2
Let q be 0 - 6/(0 - 3). Let n(h) = h**3 + 2. Calculate n(q).
10
Suppose 3*x - 2*x = 3. Let w(c) = c + 1. Let u(b) = -b - 2. Let g(r) = x*u(r) + 6*w(r). What is g(1)?
3
Let o(a) = -2*a**2 + 2*a - 1. Let j be o(1). Let w(v) = -2*v**3 - 11*v**2 - 2*v. Let h(q) = -q**3 - 6*q**2 - q. Let x(l) = 11*h(l) - 6*w(l). Calculate x(j).
-2
Let u be 3 - ((3 - 2) + 2). Let d(k) = k**3 - 3 - k**2 + 7*k**2 + u*k**2. What is d(-6)?
-3
Let n(i) = -i - 8. Let z(l) = 3*l + 25. Let u(v) = -8*n(v) - 3*z(v). Let c(h) = h**2 + 8*h + 6. Let p be c(-6). Determine u(p).
-5
Let z(s) = s**3 + 8*s**2 - 8*s - 15. Let h be z(-9). Let j = 26 + h. Let x(m) be the first derivative of -m**3 + 3*m**2/2 - m + 1. Give x(j).
-7
Let t(c) = -c**2 - 6*c - 6. Let d be 28/(-6)*6/(-4). Let y(b) = -2*b + 10. Let o be y(d). What is t(o)?
2
Let u(k) = -k**3 - 4*k**2 - 2*k + 4. Let i be u(-3). Let y(w) = -w**3 + w. Calculate y(i).
0
Let p(b) = 9*b - 7. Let o(w) = 4*w - 4. Let v(k) = 5*o(k) - 3*p(k). Let q(l) = -2*l**2 - 3*l - 1. Let s be q(-2). Let t be ((-2)/(-6))/((-1)/s). Give v(t).
-6
Let x(w) be the third derivative of -11*w**6/120 - w**5/60 + w**4/8 + w**3/6 - 4*w**2. Let g(q) = q**3 - q. Let r(u) = -3*g(u) - x(u). What is r(-1)?
-8
Let w(r) = -r - 5. Suppose 138 = -3*z + 162. What is w(z)?
-13
Let n(b) = -3*b**2 + 3*b. Suppose 3*z = 82 - 76. What is n(z)?
-6
Suppose -4*r = -4*q + 4, 0*q + q - 25 = -5*r. Suppose 4*l = q*l - 5. Let u(b) = b**3 - 4*b**2 - 5*b + 1. Give u(l).
1
Let r(p) be the first derivative of -p**2/2 - p + 1. Suppose 2*a = 3*a - 1. Let l = 3 + a. Determine r(l).
-5
Let x(s) be the third derivative of s**4/12 + 4*s**2. Give x(5).
10
Let m(p) = 2*p**2 + 2*p - 2. Let y be m(1). Let s(a) be the third derivative of 0 - 1/12*a**4 + 1/6*a**3 + 0*a - 3*a**y. What is s(4)?
-7
Let s(n) be the first derivative of -n**2/2 - 2*n + 1. Let d(h) = -h**3 + 4*h**2 + 6*h + 1. Let y be d(5). Determine s(y).
-8
Let c(s) = 2*s**3 - 3*s**2 + 3*s - 1. Suppose r = -0*r. Suppose r = 2*j - 3 - 1. Suppose j*u - 2*m = 6, 0*u - 2*m - 12 = -5*u. Give c(u).
9
Let m = -4 - -8. Suppose 0 = 4*d + m + 12. Let g(l) = -l**2 - 5*l - 1. Give g(d).
3
Let d(p) = -4*p - 5. Let f be d(-6). Let q = f - 19. Let a(b) = b + 4. Determine a(q).
4
Let d(g) = 2*g - 2. Let z(m) = 1. Let n(t) = 2*d(t) + 4*z(t). Determine n(1).
4
Suppose 0 = 4*i - 5*m + 14, 0*m + 8 = -2*i + 3*m. Let a = -6 - i. Let g(c) = c**3 + 6*c**2 + 5*c - 7. Calculate g(a).
-7
Let a(k) be the second derivative of k**5/5 + k**3/6 + 8*k. Determine a(1).
5
Let j be 0 + 2 + 20/(-5). Suppose 3*a - 2 = 2*v + 4, -v + 15 = 3*a. Let s(z) = 3 + v*z - 1 - 1. Calculate s(j).
-5
Let m(s) = -s**3 + 1. Let r be ((-60)/5)/(1 + -3). Let i(y) = -y**2 + 5*y + 7. Let a be i(r). Give m(a).
0
Let t(h) be the first derivative of 3*h**2/2 - 2*h - 1. Let v(q) = q + 9. Let g be v(-5). Give t(g).
10
Suppose 6 = -y - 5*n, 5*n + 8 = -2. Let l(o) = -5*o**2 - 4*o - 17. Let v(z) = 3*z**2 + 2*z + 9. Let h(g) = -4*l(g) - 7*v(g). Determine h(y).
-3
Let c(j) be the second derivative of j**4/24 - j**3/6 - 2*j**2 + j. Let o(i) be the first derivative of c(i). Determine o(2).
1
Let c(u) = 20*u**2 + 29*u**3 + 17 - 6*u**2 - 28*u**3 + 14*u. What is c(-13)?
4
Let w(m) = -2*m - 9. Let l be w(-6). Let q(c) = 8*c + 9. Let s(z) = -3*z - 4. Let g(k) = -2*q(k) - 5*s(k). Give g(l).
-1
Let r(s) = -s**3 + 5*s**2 - 4. Let c be 0 - ((-2)/3*3 - 1). Calculate r(c).
14
Suppose -2*p - 25 = 23. Let f be 5/(-2)*p/15. Let a(m) = -m**2 + 3*m + 3. Give a(f).
-1
Let l(k) be the first derivative of 6*k + 1/3*k**3 + 2*k**2 + 3. Give l(-4).
6
Let b(t) = t**3 - 5*t**2 - 5*t - 4. Suppose -2*x = -q + 1 - 17, 3*x = q + 22. Calculate b(x).
2
Let z = -4 - -9. Let p(n) = n**2 - 4*n - 4. Give p(z).
1
Let i(f) = f**3 - 5*f**2 - f + 5. Let g be 0/4 - 2/2. Let d = g - -1. Suppose y + 0*y - 5 = d. Give i(y).
0
Let j(f) be the second derivative of -f**5/20 + f**4/6 - f. Suppose 19 = 4*x + 5*p, -6*x + 2*x + 3*p = 5. Determine j(x).
1
Let v(b) be the first derivative of 2*b - 1 - 1/2*b**2. Suppose -4*f - 9 - 3 = 0. Give v(f).
5
Suppose 5 = 3*u + 8. Let p(c) = -c - 1. Let s(l) = -9*l - 7. Let f(t) = 6*p(t) - s(t). Give f(u).
-2
Let a(d) = d**2 - 4*d + 4. Suppose u + 5*s = -u + 1, -2*s - 5 = -u. What is a(u)?
1
Suppose 0*v + 8 = 2*v. Let x(t) = t**3 - 5*t + 6 + 2*t**2 - 2*t**2 - 3*t**2. Determine x(v).
2
Let z(o) = -o**2 - 7*o + 10. Let s be z(-8). Let k(v) = v + s*v**3 - 5*v**3 - 5*v**2 + 4*v**3 + 3*v**2 - 1. Determine k(1).
-1
Suppose -5*n = n - 12. Let i(x) be the first derivative of -1/2*x**n - 1 - x. Give i(-2).
1
Suppose 0 = -2*i + 3 + 3. Let g(y) = y**2 - 2*y - i*y + 4*y + 3*y + 1. What is g(-4)?
9
Let l(q) be the third derivative of -q**6/60 + q**5/15 - q**4/12 - q**3/3 + 4*q**2 - 7. Give l(2).
-6
Let y = 13 - 16. Let h(a) = -a**2 - 3*a + 3. What is h(y)?
3
Let p(d) = 4*d + 3. Let z(o) = o + 1. Let u(m) = -p(m) + 2*z(m). Calculate u(2).
-5
Let w(z) = -3*z + 0*z - 4 + 2*z**2 + 0*z + z**3. Let g be -2 + 1 + 54/2. Suppose 2*f - 8 = -4*x - g, -2*x - 5*f - 21 = 0. Give w(x).
-4
Let w(k) = -k - 3. Let x(i) = i**3 - 12*i**2 - i + 12. Let b be x(12). Calculate w(b).
-3
Let f(y) = -y**3 - 4. Let t be f(0). Let o(p) = -p + 1. Let k(c) = -3*c - 5. Let h(j) = t*o(j) - k(j). Calculate h(1).
8
Let g(l) = -l**3 - 2*l**2 - 3*l. Suppose -2*s = -4*k - 2 - 6, -5*k + 12 = 3*s. Let y be s/1*1/(-2). Calculate g(y).
6
Let q be 10/(-6) + (-20)/60. Let y(k) = 3*k**2 - 2. Calculate y(q).
10
Let g(q) = -7*q**2 - 9*q**2 + 22*q**2 - q. Give g(1).
5
Suppose -12 = -x - 2*x. Suppose 8 = x*h - 12. Let a(g) = -g + 5. Let m be a(h). Let l(s) = s**2 + s + 8. Determine l(m).
8
Suppose 5*k + 37 = 2*w + 5, -4*w + 4*k + 40 = 0. Let d(u) = u - 2. What is d(w)?
4
Let x(s) = 5*s**2 + 11*s + 17. Let f(o) = -o**2 - 3*o - 4. Let b(v) = 9*f(v) + 2*x(v). Determine b(6).
4
Suppose 4*b + 4*g = 0, 2*b + 4*g = 3*g. Suppose b = 2*d - 2. Let q(h) = 6*h - 1. Calculate q(d).
5
Let r(t) = 7*t - 2. Let m(z) = -14*z + 4. Let u(y) = -3*m(y) - 5*r(y). What is u(2)?
12
Let a(l) be the first derivative of l**3 - l**2/2 + 2*l - 3. What is a(2)?
12
Let b = -12 + -2. Let x = b + 10. Let g(i) = i**2 + 2*i - 4. Let f be g(x). Let l(t) = -3*t + 5. What is l(f)?
-7
Let i(l) = 4*l + 6 - 1 - 3*l - 4. Let d(u) = u**3 - 3*u**